t of 9259041?
1
What is the hundred thousands digit of 151774?
1
What is the hundred thousands digit of 189546?
1
What is the ten thousands digit of 174653?
7
What is the units digit of 37213?
3
What is the hundreds digit of 873918?
9
What is the tens digit of 860505?
0
What is the ten thousands digit of 28139?
2
What is the hundred thousands digit of 268132?
2
What is the hundred thousands digit of 5739309?
7
What is the hundreds digit of 5645925?
9
What is the units digit of 152885?
5
What is the ten thousands digit of 9615534?
1
What is the thousands digit of 677720?
7
What is the thousands digit of 268832?
8
What is the units digit of 831002?
2
What is the tens digit of 12213720?
2
What is the hundreds digit of 140484?
4
What is the tens digit of 554193?
9
What is the units digit of 797382?
2
What is the units digit of 932327?
7
What is the units digit of 13800601?
1
What is the ten thousands digit of 174218?
7
What is the tens digit of 8879626?
2
What is the units digit of 538669?
9
What is the hundred thousands digit of 253331?
2
What is the hundred thousands digit of 3695454?
6
What is the units digit of 8848587?
7
What is the ten thousands digit of 411647?
1
What is the tens digit of 1820446?
4
What is the ten thousands digit of 4005650?
0
What is the ten thousands digit of 2407335?
0
What is the millions digit of 7587089?
7
What is the ten thousands digit of 229525?
2
What is the hundreds digit of 8049855?
8
What is the hundreds digit of 591357?
3
What is the units digit of 390259?
9
What is the hundred thousands digit of 485196?
4
What is the units digit of 23908?
8
What is the thousands digit of 2779004?
9
What is the hundred thousands digit of 1719981?
7
What is the thousands digit of 5894?
5
What is the millions digit of 1620609?
1
What is the ten thousands digit of 7460009?
6
What is the millions digit of 6395374?
6
What is the thousands digit of 1385930?
5
What is the millions digit of 13983170?
3
What is the units digit of 6038469?
9
What is the tens digit of 13249?
4
What is the thousands digit of 716686?
6
What is the ten thousands digit of 5076315?
7
What is the hundred thousands digit of 4612914?
6
What is the units digit of 1653941?
1
What is the millions digit of 7391546?
7
What is the tens digit of 667184?
8
What is the hundreds digit of 5019143?
1
What is the hundreds digit of 1922747?
7
What is the thousands digit of 143248?
3
What is the units digit of 184351?
1
What is the tens digit of 3854960?
6
What is the thousands digit of 473467?
3
What is the tens digit of 44214496?
9
What is the tens digit of 171383?
8
What is the ten thousands digit of 10049069?
4
What is the units digit of 520572?
2
What is the hundred thousands digit of 4808784?
8
What is the tens digit of 185531?
3
What is the tens digit of 4043717?
1
What is the ten thousands digit of 505203?
0
What is the thousands digit of 1971810?
1
What is the hundreds digit of 835833?
8
What is the hundreds digit of 3891248?
2
What is the hundred thousands digit of 6938825?
9
What is the millions digit of 1555521?
1
What is the tens digit of 1274640?
4
What is the tens digit of 2364322?
2
What is the tens digit of 376771?
7
What is the thousands digit of 9628091?
8
What is the hundreds digit of 26562214?
2
What is the hundred thousands digit of 156105?
1
What is the tens digit of 9603998?
9
What is the tens digit of 2229?
2
What is the tens digit of 156803?
0
What is the hundreds digit of 4484786?
7
What is the hundreds digit of 16373850?
8
What is the tens digit of 8787143?
4
What is the thousands digit of 1656849?
6
What is the thousands digit of 681688?
1
What is the hundreds digit of 15533355?
3
What is the ten thousands digit of 37082201?
8
What is the ten thousands digit of 15203015?
0
What is the hundred thousands digit of 3274819?
2
What is the ten thousands digit of 20207?
2
What is the thousands digit of 14421583?
1
What is the hundred thousands digit of 6682456?
6
What is the tens digit of 1310851?
5
What is the tens digit of 1771196?
9
What is the hundreds digit of 2096189?
1
What is the units digit of 2815131?
1
What is the ten thousands digit of 270187?
7
What is the millions digit of 1786943?
1
What is the hundred thousands digit of 8700649?
7
What is the millions digit of 8224527?
8
What is the tens digit of 3362674?
7
What is the hundreds digit of 4933206?
2
What is the hundreds digit of 14037914?
9
What is the units digit of 247444?
4
What is the hundred thousands digit of 5002499?
0
What is the millions digit of 2309809?
2
What is the tens digit of 44629?
2
What is the hundreds digit of 163293?
2
What is the units digit of 169318?
8
What is the units digit of 75472?
2
What is the thousands digit of 529572?
9
What is the ten thousands digit of 858532?
5
What is the tens digit of 10927565?
6
What is the ten thousands digit of 478322?
7
What is the thousands digit of 18780340?
0
What is the thousands digit of 20146716?
6
What is the hundreds digit of 770424?
4
What is the hundreds digit of 19744523?
5
What is the tens digit of 7098224?
2
What is the tens digit of 19372?
7
What is the ten thousands digit of 137508?
3
What is the tens digit of 2362494?
9
What is the thousands digit of 659474?
9
What is the millions digit of 2464594?
2
What is the tens digit of 232311?
1
What is the units digit of 300287?
7
What is the millions digit of 4647307?
4
What is the thousands digit of 1271636?
1
What is the millions digit of 19281421?
9
What is the hundreds digit of 1142899?
8
What is the ten thousands digit of 420841?
2
What is the tens digit of 1200231?
3
What is the hundred thousands digit of 193028?
1
What is the units digit of 263744?
4
What is the hundred thousands digit of 1661397?
6
What is the hundred thousands digit of 109215?
1
What is the ten thousands digit of 7355617?
5
What is the ten thousands digit of 413226?
1
What is the hundred thousands digit of 191834?
1
What is the hundreds digit of 18434?
4
What is the tens digit of 285521?
2
What is the thousands digit of 8999986?
9
What is the hundred thousands digit of 369515?
3
What is the ten thousands digit of 12963?
1
What is the millions digit of 11563957?
1
What is the tens digit of 953786?
8
What is the tens digit of 538284?
8
What is the thousands digit of 405346?
5
What is the hundreds digit of 3061690?
6
What is the ten thousands digit of 5974547?
7
What is the hundred thousands digit of 130715?
1
What is the tens digit of 16867010?
1
What is the units digit of 7793454?
4
What is the thousands digit of 5190131?
0
What is the tens digit of 26571707?
0
What is the millions digit of 3149690?
3
What is the units digit of 6333?
3
What is the tens digit of 84426?
2
What is the thousands digit of 157562?
7
What is the tens digit of 758824?
2
What is the ten thousands digit of 902304?
0
What is the hundred thousands digit of 566780?
5
What is the tens digit of 3685182?
8
What is the ten thousands digit of 459094?
5
What is the thousands digit of 161225?
1
What is the tens digit of 1337504?
0
What is the units digit of 399550?
0
What is the hundreds digit of 3347134?
1
What is the thousands digit of 619177?
9
What is the thousands digit of 763391?
3
What is the thousands digit of 570506?
0
What is the tens digit of 8125179?
7
What is the ten thousands digit of 19106265?
0
What is the tens digit of 3193732?
3
What is the hundreds digit of 3623099?
0
What is the thousands digit of 5141056?
1
What is the hundreds digit of 10605745?
7
What is the units digit of 492317?
7
What is the units digit of 2236646?
6
What is the tens digit of 2385100?
0
What is the hundreds digit of 5785731?
7
What is the ten thousands digit of 148745?
4
What is the units digit of 3922865?
5
What is the hundreds digit of 169198?
1
What is the tens digit of 11661059?
5
What is the units digit of 409854?
4
What is the ten millions digit of 13919885?
1
What is the thousands digit of 11931?
1
What is the units digit of 6213346?
6
What is the thousands digit of 11970271?
0
What is the hundred thousands digit of 2101591?
1
What is the thousands digit of 626734?
6
What is the tens digit of 190253?
5
What is the thousands digit of 2718348?
8
What is the hundred thousands digit of 11656380?
6
What is the tens digit of 215523?
2
What